s 2454 divide 8645442?
True
Does 109 divide 53407?
False
Is 29 a factor of 1129?
False
Is 86520 a multiple of 14?
True
Is 7424 a multiple of 4?
True
Is 10 a factor of 120032?
False
Is 63 a factor of 522333?
True
Is 117829 a multiple of 23?
True
Is 2 a factor of 6133?
False
Is 92 a factor of 4824296?
True
Is 6 a factor of 647970?
True
Does 95 divide 10621?
False
Does 16 divide 2340384?
True
Is 241 a factor of 1173429?
True
Is 292 a factor of 3609515?
False
Is 19 a factor of 4605866?
True
Is 2200789 a multiple of 39?
False
Does 73 divide 2204162?
True
Does 9 divide 10619451?
True
Is 35 a factor of 452865?
True
Is 85380 a multiple of 12?
True
Is 5 a factor of 4502230?
True
Is 16 a factor of 2844652?
False
Is 128449 a multiple of 119?
False
Does 16 divide 10387664?
True
Is 19 a factor of 5544704?
False
Is 67590 a multiple of 5?
True
Is 97 a factor of 55193?
True
Does 53 divide 65455?
True
Is 201861 a multiple of 11?
True
Is 1182547 a multiple of 212?
False
Is 116328 a multiple of 6?
True
Is 3951339 a multiple of 12?
False
Does 118 divide 1261257?
False
Is 5976324 a multiple of 14?
False
Is 21 a factor of 968984?
False
Does 439 divide 766933?
True
Is 137 a factor of 5529764?
False
Is 12900 a multiple of 12?
True
Does 9 divide 9707425?
False
Does 25 divide 26350?
True
Is 149 a factor of 332019?
False
Is 324707 a multiple of 58?
False
Is 1158414 a multiple of 277?
True
Is 40 a factor of 237400?
True
Does 245 divide 12893945?
False
Does 38 divide 302417?
False
Is 1451511 a multiple of 9?
True
Is 8707809 a multiple of 22?
False
Is 847765 a multiple of 3?
False
Is 451102 a multiple of 3?
False
Is 272 a factor of 3783385?
False
Is 2701440 a multiple of 18?
True
Is 16 a factor of 1284304?
True
Is 19530 a multiple of 63?
True
Does 245 divide 2290275?
False
Does 15 divide 49200?
True
Does 416 divide 330675?
False
Does 225 divide 149175?
True
Is 246177 a multiple of 17?
True
Is 523 a factor of 402187?
True
Does 2 divide 68669?
False
Is 5 a factor of 779366?
False
Is 226615 a multiple of 9?
False
Is 343 a factor of 6969052?
False
Is 992712 a multiple of 152?
True
Is 152829 a multiple of 68?
False
Does 128 divide 541670?
False
Does 24 divide 12167188?
False
Is 21 a factor of 983615?
False
Is 10 a factor of 33655?
False
Is 20352 a multiple of 159?
True
Is 238497 a multiple of 123?
True
Is 811 a multiple of 4?
False
Is 7 a factor of 312284?
True
Does 7 divide 88159?
False
Does 432 divide 3552599?
False
Is 672 a factor of 1795183?
False
Does 192 divide 575592?
False
Does 11 divide 353058?
False
Is 3816120 a multiple of 735?
True
Is 161944 a multiple of 12?
False
Is 2 a factor of 28606?
True
Does 171 divide 1846588?
False
Is 4 a factor of 1480368?
True
Is 1216 a factor of 985182?
False
Does 607 divide 130652?
False
Is 92 a factor of 8154604?
True
Is 418 a factor of 59460?
False
Does 7 divide 237338?
False
Does 23 divide 222495?
False
Is 30 a factor of 21161?
False
Is 762882 a multiple of 53?
True
Does 260 divide 469276?
False
Is 242 a factor of 1368057?
False
Is 135780 a multiple of 31?
True
Is 1441850 a multiple of 737?
False
Is 84 a factor of 20934312?
True
Is 609448 a multiple of 28?
True
Is 146264 a multiple of 50?
False
Does 11 divide 160958?
False
Is 55 a factor of 275930?
False
Is 3616719 a multiple of 28?
False
Is 5993568 a multiple of 72?
True
Does 31 divide 1438705?
False
Is 4 a factor of 396901?
False
Is 586281 a multiple of 290?
False
Is 134 a factor of 268?
True
Is 181078 a multiple of 9?
False
Is 51 a factor of 242709?
True
Is 17 a factor of 4837877?
True
Is 369 a factor of 721148?
False
Is 2682658 a multiple of 11?
True
Does 78 divide 9594?
True
Is 362 a factor of 2463353?
False
Is 111 a factor of 1730268?
True
Is 356 a factor of 136627?
False
Is 68 a factor of 2844100?
True
Does 726 divide 5207598?
True
Does 15 divide 971085?
True
Does 170 divide 332301?
False
Does 12 divide 504072?
True
Is 148 a factor of 2468473?
False
Is 276628 a multiple of 39?
False
Is 742202 a multiple of 34?
False
Is 24409589 a multiple of 90?
False
Is 128 a factor of 74624?
True
Is 4777664 a multiple of 536?
False
Does 15 divide 2077113?
False
Is 18543855 a multiple of 561?
True
Does 40 divide 535830?
False
Is 2803120 a multiple of 370?
True
Is 235 a factor of 389395?
True
Is 174493 a multiple of 547?
True
Is 1460501 a multiple of 233?
False
Is 25146 a multiple of 21?
False
Does 52 divide 2733319?
False
Is 11390776 a multiple of 118?
True
Is 3 a factor of 11266?
False
Is 1800488 a multiple of 45?
False
Is 23655 a multiple of 15?
True
Is 9871281 a multiple of 27?
True
Does 55 divide 56007?
False
Does 113 divide 37162?
False
Is 62 a factor of 14012?
True
Does 105 divide 4278750?
True
Is 451855 a multiple of 133?
False
Does 9 divide 135315?
True
Is 730095 a multiple of 5?
True
Is 795117 even?
False
Does 10 divide 87707?
False
Does 533 divide 493612?
False
Does 713 divide 1903333?
False
Is 49274 a multiple of 72?
False
Is 111247 a multiple of 220?
False
Does 5 divide 74590?
True
Is 672400 a multiple of 40?
True
Is 229 a factor of 4343824?
False
Is 57696 a multiple of 12?
True
Is 10 a factor of 269150?
True
Is 63 a factor of 126315?
True
Is 8 a factor of 7567055?
False
Does 1123 divide 2691831?
True
Does 107 divide 72867?
True
Does 33 divide 888294?
True
Is 101085 a multiple of 23?
True
Is 19 a factor of 811025?
False
Does 17 divide 172176?
True
Is 7 a factor of 157857?
True
Does 49 divide 132104?
True
Does 2 divide 1088359?
False
Does 150 divide 207201?
False
Is 15453515 a multiple of 451?
True
Does 28 divide 30963?
False
Is 68 a factor of 5733614?
False
Does 23 divide 130180?
True
Does 125 divide 114575?
False
Is 2300589 a multiple of 613?
True
Is 43630 a multiple of 46?
False
Is 245 a factor of 1631700?
True
Is 5 a factor of 3455726?
False
Does 422 divide 638993?
False
Is 14 a factor of 43960?
True
Does 3 divide 2266?
False
Does 115 divide 17825?
True
Does 327 divide 7501707?
True
Is 2150596 a multiple of 23?
False
Is 3277984 a multiple of 62?
False
Is 2969060 a multiple of 130?
False
Is 401726 a multiple of 13?
True
Is 47 a factor of 384977?
True
Is 6 a factor of 14676?
True
Does 14 divide 1029885?
False
Does 812 divide 854569?
False
Is 347135 a multiple of 309?
False
Is 376609 a multiple of 142?
False
Is 15595110 a multiple of 15?
True
Does 6 divide 1028088?
True
Is 3 a factor of 3608582?
False
Is 681 a factor of 7122512?
False
Does 51 divide 22764?
False
Does 48 divide 753626?
False
Is 704 a factor of 12572032?
True
Is 185208 a multiple of 24?
True
Is 40 a factor of 422520?
True
Is 1619 a factor of 6763152?
False
Is 205413 a multiple of 471?
False
Is 669 a factor of 476997?
True
Is 22 a factor of 2534378?
True
Is 3325200 a multiple of 25?
True
Does 24 divide 148464?
True
Is 3 a factor of 257464?
False
Is 137723 a multiple of 4?
False
Is 268 a factor of 13113907?
False
Does 1077 divide 1230053?
False
Does 42 divide 164440?
False
Is 6304946 a multiple of 131?
False
Is 167 a factor of 224378?
False
Is 11607636 a multiple of 159?
True
Is 20 a factor of 109227?
False
Does 31 divide 176555?
False
Does 250 divide 6851750?
True
Does 10 divide 8285?
False
Does 30 divide 10125510?
True
Is 578 a factor of 3097347?
False
Does 8 divide 925763?
False
Does 5 divide 20425?
True
Is 6 a factor of 46580?
False
Is 23 a factor of 38574?
False
Is 182 a factor of 5064696?
True
Does 954 divide 377825?
False
Does 22 divide 30492?
True
Does 21 divide 398433?
True
Is 87408 a multiple of 72?
True
Is 690 a factor of 2085043?
False
Is 10148286 a multiple of 34?
True
Does 74 divide 208976?
True
Does 190 divide 51490?
True
Is 24 a factor of 24360?
True
Is 392630 a multiple of 16?
False
Is 7 a factor of 14768817?
True
Does 22 divide 52969?
False
Is 28 a factor of 2350124?
True
Is 41 a factor of 28930?
False
Is 51 a factor of 4865150?
False
Is 556094 a multiple of 14?
True
Is 22 a factor of 25518?
False
Is 397 a factor of 3113274?
True
Is 534280 a multiple of 148?
True
Is 18 a factor of 13212?
True
Does 28 divide 693196?
True
Does 16 divide 140416?
True
Is 246 a factor of 703906?
False
Is 380 a factor of 180500?
True
Is 11145 a multiple of 15?
True
Does 987 divide 5440344?
True
Is 40 a factor of 383560?
True
Does 136 divide 209018?
False
Is 33318 a multiple of 54?
True
Does 11 divide 127366?
False
Is 